{"id":129,"date":"2021-08-19T09:46:30","date_gmt":"2021-08-19T09:46:30","guid":{"rendered":"https:\/\/pdedu.pl\/?page_id=129"},"modified":"2024-04-25T12:30:16","modified_gmt":"2024-04-25T12:30:16","slug":"kontakt","status":"publish","type":"page","link":"https:\/\/pdedu.pl\/index.php\/kontakt\/","title":{"rendered":"Kontakt"},"content":{"rendered":"\n<p><strong><span class=\"has-inline-color has-vivid-red-color\">PD Edu<\/span>&nbsp;\u2013 Edukacja z Pozytywn\u0105 Dyscyplin\u0105<\/strong> <br><strong>Barbara Antoni\u00f3w<\/strong><\/p>\n\n\n\n<p>e-mail: <a href=\"mailto:biuro@pdedu.pl\">biuro@pdedu.pl<\/a><br><br>telefon: <a href=\"tel:+48 781 171 842\">+48 781 171 842<\/a>  <a href=\"https:\/\/pdedu.pl\/index.php\/kontakt\/\" data-type=\"page\" data-id=\"129\">666 669 102<\/a><\/p>\n","protected":false},"excerpt":{"rendered":"<p>PD Edu&nbsp;\u2013 Edukacja z Pozytywn\u0105 Dyscyplin\u0105 Barbara Antoni\u00f3w e-mail: biuro@pdedu.pl telefon: +48 781 171 842 666 669 102<\/p>\n","protected":false},"author":1,"featured_media":0,"parent":0,"menu_order":0,"comment_status":"closed","ping_status":"closed","template":"","meta":{"ngg_post_thumbnail":0,"footnotes":""},"class_list":["post-129","page","type-page","status-publish","czr-hentry"],"_links":{"self":[{"href":"https:\/\/pdedu.pl\/index.php\/wp-json\/wp\/v2\/pages\/129","targetHints":{"allow":["GET"]}}],"collection":[{"href":"https:\/\/pdedu.pl\/index.php\/wp-json\/wp\/v2\/pages"}],"about":[{"href":"https:\/\/pdedu.pl\/index.php\/wp-json\/wp\/v2\/types\/page"}],"author":[{"embeddable":true,"href":"https:\/\/pdedu.pl\/index.php\/wp-json\/wp\/v2\/users\/1"}],"replies":[{"embeddable":true,"href":"https:\/\/pdedu.pl\/index.php\/wp-json\/wp\/v2\/comments?post=129"}],"version-history":[{"count":4,"href":"https:\/\/pdedu.pl\/index.php\/wp-json\/wp\/v2\/pages\/129\/revisions"}],"predecessor-version":[{"id":662,"href":"https:\/\/pdedu.pl\/index.php\/wp-json\/wp\/v2\/pages\/129\/revisions\/662"}],"wp:attachment":[{"href":"https:\/\/pdedu.pl\/index.php\/wp-json\/wp\/v2\/media?parent=129"}],"curies":[{"name":"wp","href":"https:\/\/api.w.org\/{rel}","templated":true}]}}